{"id":103,"date":"2020-04-05T15:16:01","date_gmt":"2020-04-05T15:16:01","guid":{"rendered":"http:\/\/ostermarschluebeck.de\/?page_id=103"},"modified":"2020-04-05T15:23:59","modified_gmt":"2020-04-05T15:23:59","slug":"ueber-uns","status":"publish","type":"page","link":"http:\/\/ostermarschluebeck.de\/?page_id=103","title":{"rendered":"\u00dcber uns"},"content":{"rendered":"\n<p>Nach der ersatzlosen Streichung des Ostermarsches aufgrund der Corona-Pandemie hat es sich ein Teil der L\u00fcbecker Friedensbewegung zur Aufgabe gemacht den Ostermarsch dieses Jahr virtuell stattfinden zu lassen. So entstand diese Internetseite. Wir sind Antifaschist*innen, Antimilitarist*innen und Friedensfreund*innen und m\u00f6chten hier jedem eine Plattform geben, der diese Werte mit uns teilt und klare Kante zeigen m\u00f6chte gegen Unterdr\u00fcckung, Aufr\u00fcstung und Militarisierung.<\/p>\n\n\n\n<p>Wenn ihr etwas beitragen m\u00f6chtet, schickt uns eine Mail an <strong>info@ostermarschluebeck.de<\/strong><\/p>\n\n\n\n<p><br><br><\/p>\n","protected":false},"excerpt":{"rendered":"<p>Nach der ersatzlosen Streichung des Ostermarsches aufgrund der Corona-Pandemie hat es sich ein Teil der L\u00fcbecker Friedensbewegung zur Aufgabe gemacht den Ostermarsch dieses Jahr virtuell stattfinden zu lassen. So entstand diese Internetseite. Wir sind Antifaschist*innen, Antimilitarist*innen und Friedensfreund*innen und m\u00f6chten hier jedem eine Plattform geben, &hellip; <\/p>\n","protected":false},"author":1,"featured_media":0,"parent":0,"menu_order":0,"comment_status":"closed","ping_status":"closed","template":"","meta":{"ngg_post_thumbnail":0,"footnotes":""},"class_list":["post-103","page","type-page","status-publish","hentry","grid-sizer"],"_links":{"self":[{"href":"http:\/\/ostermarschluebeck.de\/index.php?rest_route=\/wp\/v2\/pages\/103","targetHints":{"allow":["GET"]}}],"collection":[{"href":"http:\/\/ostermarschluebeck.de\/index.php?rest_route=\/wp\/v2\/pages"}],"about":[{"href":"http:\/\/ostermarschluebeck.de\/index.php?rest_route=\/wp\/v2\/types\/page"}],"author":[{"embeddable":true,"href":"http:\/\/ostermarschluebeck.de\/index.php?rest_route=\/wp\/v2\/users\/1"}],"replies":[{"embeddable":true,"href":"http:\/\/ostermarschluebeck.de\/index.php?rest_route=%2Fwp%2Fv2%2Fcomments&post=103"}],"version-history":[{"count":4,"href":"http:\/\/ostermarschluebeck.de\/index.php?rest_route=\/wp\/v2\/pages\/103\/revisions"}],"predecessor-version":[{"id":109,"href":"http:\/\/ostermarschluebeck.de\/index.php?rest_route=\/wp\/v2\/pages\/103\/revisions\/109"}],"wp:attachment":[{"href":"http:\/\/ostermarschluebeck.de\/index.php?rest_route=%2Fwp%2Fv2%2Fmedia&parent=103"}],"curies":[{"name":"wp","href":"https:\/\/api.w.org\/{rel}","templated":true}]}}

Über uns

<p>Nach der ersatzlosen Streichung des Ostermarsches aufgrund der Corona-Pandemie hat es sich ein Teil der Lübecker Friedensbewegung zur Aufgabe gemacht den Ostermarsch dieses Jahr virtuell stattfinden zu lassen. So entstand diese Internetseite. Wir sind Antifaschist*innen, Antimilitarist*innen und Friedensfreund*innen und möchten hier jedem eine Plattform geben, der diese Werte mit uns teilt und klare Kante zeigen möchte gegen Unterdrückung, Aufrüstung und Militarisierung.</p>



<p>Wenn ihr etwas beitragen möchtet, schickt uns eine Mail an <strong>info@ostermarschluebeck.de</strong></p>



<p><br><br></p>

<p>Nach der ersatzlosen Streichung des Ostermarsches aufgrund der Corona-Pandemie hat es sich ein Teil der Lübecker Friedensbewegung zur Aufgabe gemacht den Ostermarsch dieses Jahr virtuell stattfinden zu lassen. So entstand diese Internetseite. Wir sind Antifaschist*innen, Antimilitarist*innen und Friedensfreund*innen und möchten hier jedem eine Plattform geben, &hellip; </p>
